191
Let y(s) = -12*s**3 + 4*s - 3. Let z be y(2). Let i = 142 + z. What are the prime factors of (-1)/(-1) - (2 + -2 - i)?
2, 13
Let j(a) = -a**3 + 12*a**2 - a + 13. Let g be j(12). Let v be (-1)/g*29 - 2. Let t = 53 + v. What are the prime factors of t?
2, 11
Let g = -65 + 66. Let t be 1*(g - 0/5). List the prime factors of (t/3)/((-4)/(-24)) + 175.
3, 59
Let i = 98 + -96. Suppose 0 = p - 4*a - 467, 3*p - 1356 = -i*a + 5*a. Suppose 0 = 3*o, 3*o + 111 = 3*q - p. What are the prime factors of q?
2, 3, 31
Let b(g) = -10*g**2 + 541*g - 3. List the prime factors of b(37).
2, 3, 17, 31
Suppose 3*f + 5*u - 21688 = 0, 2*f - 3*u + 243 = 14670. List the prime factors of f.
3, 29, 83
Let t = -11394 + 11943. List the prime factors of t.
3, 61
Let o(n) = -31*n - 44. Suppose -5*l = 3*z - 5*z - 17, 3*l - 3 = 0. What are the prime factors of o(z)?
2, 71
Let u = -11951 - -17866. Suppose y = 5*a - u, 7*a + 2*y - 1172 = 6*a. What are the prime factors of a?
2, 3, 197
Let o = -4 + 20. Let x(u) = u**3 - 36*u**2 + 65*u + 102. Let f be x(34). Suppose f = -5*h + o*h - 2651. What are the prime factors of h?
241
Suppose 390*n = 387*n + 117567. What are the prime factors of n?
3, 13063
Let p = 47 - 43. Let m(v) = v**2 - 6*v + 6. Let l be m(p). What are the prime factors of 3/(-2) - 199/l?
2, 7
Suppose -337282 = -151*j + 251165. What are the prime factors of j?
3, 433
Let m(b) = -3*b**2 + 2 - 6*b**2 + 5*b**2 + 2*b**2 + 24*b. What are the prime factors of m(10)?
2, 3, 7
Let k(g) = -1. Let q(a) = -5*a + 29. Let n(v) = -5*k(v) + q(v). Let r be n(7). What are the prime factors of (-2)/r + (-5 - -4)*-79?
3
What are the prime factors of 611345/14 - ((-1)/2 + 0/11)?
2, 3, 1213
Let c(s) = -4*s**3 - s + 1. Let a be c(1). What are the prime factors of (2 + -3)/(987/(-246) - a)?
2, 41
Let r(w) = -7*w - 19. Let t(x) = 7*x + 18. Let k(n) = 5*r(n) + 4*t(n). Suppose 5*y + 52 = -q, 3*y - 8*q + 5*q = -42. List the prime factors of k(y).
2, 3
Suppose 11*x = 14*x - 48. Suppose -2*p - 10 = 0, 0 = 4*c + 4*p - 49 + 1. Suppose c*m - 71 = x*m. What are the prime factors of m?
71
Suppose -2*h - 8*w = -13*w - 270, -h + 5*w + 135 = 0. List the prime factors of h.
3, 5
Suppose -2*k - 3*c + 76436 = 0, 0 = 4*c + 9 - 17. What are the prime factors of k?
5, 7643
List the prime factors of ((-295200)/(-54) - -7)*3.
16421
Let c(s) = 10*s - 3*s + 66 - s. Let t be c(-12). List the prime factors of 2 + (0 - (t - -3)).
5
Suppose 69*f - 704 = 61*f. Suppose -q = -c + 2*q + f, 0 = -4*c + q + 341. List the prime factors of c.
5, 17
Suppose 0 = 3*v - 9 - 9. Let t(u) = 88*u + 125. List the prime factors of t(v).
653
Let w(p) = 1001*p**2 + p - 2. Let t be (-27)/3 - (-140)/14. What are the prime factors of w(t)?
2, 5
Let r(o) = -o**3 - 19*o**2 - 2*o - 28. Let a be r(-19). Let l(t) be the first derivative of t**3 - 21*t**2/2 - 32*t + 8. What are the prime factors of l(a)?
2, 29
Let p be 64/(-20) - (-6)/30 - -630. Let w = p - 308. What are the prime factors of w?
11, 29
Let c be (-315)/(-20) - 2/16*-2. Suppose c = 3*p - 227. List the prime factors of p.
3
Let m(h) = -h**3 + 58*h**2 + 9*h - 538. List the prime factors of m(53).
2, 19, 23
Let m(j) = j**3 + 30*j**2 + 2*j - 141. Let v(s) = -3*s**3 - 89*s**2 - 5*s + 423. Let o(i) = -11*m(i) - 4*v(i). What are the prime factors of o(-25)?
2, 3, 89
Let b(m) be the third derivative of 17*m**5/30 + 5*m**4/24 + 7*m**3/2 + 71*m**2 - m. What are the prime factors of b(5)?
2, 7
List the prime factors of (1/(-1))/(-6) - 2163356/(-312).
2, 3467
Suppose 2*f - 5*h - 2 = 12, -3*f + 21 = 4*h. Let k(j) = 59*j + 19. List the prime factors of k(f).
2, 3
Let a be (-2)/10 + (-572)/(-110). Suppose 5 = 5*o + a. Suppose o = -q - q + 6, -2*q + 188 = 2*x. What are the prime factors of x?
7, 13
Suppose 79*b = -1437515 + 4704323. List the prime factors of b.
2, 3, 1723
Let h(b) = -b**3 - 79*b**2 - 201*b - 466. List the prime factors of h(-79).
15413
Let w(d) = 347*d - 24. Let b be w(4). Suppose 4*y + y - 1009 = -3*j, -4*j - 2*y = -b. What are the prime factors of j?
7
Suppose h + 267 = -i, 5*h = 3*i + i - 1353. Let g = -226 - h. List the prime factors of g.
43
Suppose -5*x = -3*g + 886, 5*g - 3*x = -2*x + 1440. Let c = g - 165. Suppose c = 87*j - 85*j. What are the prime factors of j?
61
Suppose 0 = -2*n + 4*r + 7536, 6080 = n - r + 2313. What are the prime factors of n?
2, 7, 269
Let k(a) be the first derivative of 5*a**4 - 4*a**3/3 + a**2/2 - 2*a + 178. List the prime factors of k(4).
2, 3, 7, 29
Suppose 0 = -5*l + 3*u + 42983, -5*l - u + 58741 = 15782. List the prime factors of l.
13, 661
Let a(n) be the second derivative of n**5/20 + 5*n**4/4 - 8*n**3/3 - 7*n. Let j be a(-16). Suppose 3*w - 202 - 167 = j. List the prime factors of w.
3, 41
Let l be (0/((-14)/(-7)))/1. Suppose -4*g + 187 = 3*z - 13, l = 3*g - 4*z - 175. List the prime factors of g.
53
Suppose 5*p - 7*j + 6*j = 19383, -p + 3885 = -3*j. List the prime factors of p.
2, 3, 17, 19
What are the prime factors of 1300016/56 + (-21)/(-49)?
5, 4643
Let q = -709 + 723. Suppose 3*n = q*n - 16214. What are the prime factors of n?
2, 11, 67
Let n = -297 - -3634. List the prime factors of n.
47, 71
Let w = -19494 + 20255. List the prime factors of w.
761
Suppose -7546 - 26990 = -7*b + 12532. What are the prime factors of b?
2, 41
Let a(t) = -354*t - 5. Let s = 71 + -72. What are the prime factors of a(s)?
349
Let a = -81 + 86. Suppose -a*k + o = -0*k - 11, -5*k = o - 19. Suppose -m - 5*x + 182 = -6*x, -2*x + 556 = k*m. What are the prime factors of m?
2, 23
Let d be (-2)/(-7) + (-8)/28 - -1134. Let t = d - 775. What are the prime factors of t?
359
Let p = 1235 + -1034. Suppose s - 3*x - 1 = 0, s + 5*x - 65 = -4*s. Suppose 1191 - p = s*d. List the prime factors of d.
3, 11
Suppose -56*l = -51*l - 30. Let k be (-4)/l + (-3)/(-9)*440. Suppose -6*p = -7*p + k. List the prime factors of p.
2, 73
Let d = 715 + -319. Suppose -d = -2*j + 28. Suppose -4*w + 44 = -j. List the prime factors of w.
2
Suppose 0 = -3*l + 8*l + 180. Let j be (-65496)/l + 4/6. Suppose 8*b = -2*b + j. List the prime factors of b.
2, 7, 13
Suppose -2*r = -3*d + 134 + 319, 423 = -2*r - 3*d. Let k = 60 + r. What are the prime factors of 1/((-4)/(-8)) - k?
7, 23
Let d = 714 + -704. What are the prime factors of (4874/(-6) - 3)*(-15)/d?
1223
Suppose -3*v - 3*k + 31083 = 0, 7*v - 51518 - 21031 = 4*k. What are the prime factors of v?
43, 241
Let r be (-1)/3*-9 - 1. Suppose -5*o - r*v + 344 = 0, 3*o + 2*v - 111 = 97. Suppose -3*c - c + 4*l = -o, 0 = -2*c + 5*l + 46. List the prime factors of c.
13
Let c = 23775 - 12308. List the prime factors of c.
11467
What are the prime factors of (-17263)/(-4) - -1 - (-1)/4?
3, 1439
Let n be (-87)/(-58) + (-2)/4. List the prime factors of (-23)/46*(-1539 + n).
769
Suppose 24*u - 96706 = 42422. Suppose -5*n + 2*s - 2377 + u = 0, 2*s = 2*n - 1374. What are the prime factors of n?
2, 11, 31
Let v(q) = q**3 + 13*q**2 - 3*q - 12. Let n be v(-13). What are the prime factors of ((-2308)/(-1))/(54/n)?
2, 577
Suppose 4*p + 4*o - 8 = 2*p, 0 = -5*o. Suppose 5*t - 7*t = -p*i - 1414, -3*t + 2154 = 5*i. What are the prime factors of t?
23, 31
Let k(w) = -11*w + 10. Let c be k(8). Let a = -86 - c. List the prime factors of a/32 - (329/(-4) - 0).
2, 41
Suppose 3*a - 2312 = q - 19256, -2*a + 84788 = 5*q. List the prime factors of q.
2, 3, 157
Suppose 502 = -13*o - 5387. Let r = o - -1217. What are the prime factors of r?
2, 191
Suppose -3*a = 5*v + 54, -4*v - 20 = -a + 13. Let p(n) = 180 - 421 + 265 - 10*n. What are the prime factors of p(v)?
2, 3, 19
Let y be ((-429)/26)/((-3)/70). Suppose y*d - 389*d + 816 = 0. List the prime factors of d.
2, 3, 17
Let b be 0 + -2 - (-634)/1. Suppose 3*h - 532 = -5*y + b, 5*y = 0. What are the prime factors of h?
2, 97
List the prime factors of -4*(-126)/(-56) + 1716.
3, 569
Let w be (114/(-16))/(27/(-36))*34. Suppose -4*q + 977 = -w. Suppose -21*l - q = -26*l. List the prime factors of l.
5, 13
Let h(g) = g**2 - 16*g - 15. Let t be h(16). Let f(z) = -z - 12. Let j be f(t). Suppose j*s = 2*k + 73 + 480, -161 = -s - 4*k. What are the prime factors of s?
181
What are the prime factors of 176/(-55)*5/2 + 4 + 9905?
9901
Let b be 6 - 28368/(-13 + 7). Suppose 23*v - 29*v = -b. List the prime factors of v.
3, 263
Let g(s) = 6*s - 4